se 4, what is 0 + -1020?
-1020
In base 12, what is 2 - -8?
a
In base 12, what is -b - 40?
-4b
In base 10, what is 78 - 70?
8
In base 6, what is 101 - -31?
132
In base 11, what is 1 + -191?
-190
In base 3, what is 102 + 11211?
12020
In base 6, what is 10 + -2432?
-2422
In base 5, what is 1 - -130412?
130413
In base 8, what is 3 + -1120?
-1115
In base 9, what is 138 - 3?
135
In base 14, what is 0 - 8d?
-8d
In base 10, what is 4 - 148?
-144
In base 12, what is -1b39 + -3?
-1b40
In base 10, what is 3473 - 1?
3472
In base 15, what is 6 + 74?
7a
In base 6, what is 513 - -23?
540
In base 13, what is -142 - -4?
-13b
In base 4, what is 11 - 2012?
-2001
In base 11, what is -5 + -45?
-4a
In base 11, what is 138 - -5?
142
In base 5, what is -3132 + 0?
-3132
In base 4, what is -101000 - -31?
-100303
In base 5, what is -1 + 11001?
11000
In base 2, what is -1010100000 + 0?
-1010100000
In base 3, what is -101 + -100?
-201
In base 5, what is 334 + -433?
-44
In base 15, what is -bc74 + 5?
-bc6e
In base 14, what is 2 + 1745?
1747
In base 12, what is -5 - -b46?
b41
In base 12, what is -3 + 388?
385
In base 14, what is 0 + 5?
5
In base 4, what is 201101 - 2?
201033
In base 16, what is 2d - 15?
18
In base 11, what is 4 + 18?
21
In base 3, what is -20201 - 1?
-20202
In base 10, what is 109 - -1?
110
In base 13, what is 7a9 - 4?
7a5
In base 6, what is -10 - 1150?
-1200
In base 12, what is -5 + 156?
151
In base 6, what is -2 - 102?
-104
In base 5, what is 31 + 42?
123
In base 2, what is 101001100 + -101?
101000111
In base 4, what is 220 + 2002?
2222
In base 9, what is -24105 + -2?
-24107
In base 2, what is -11 - 101?
-1000
In base 7, what is -11422 - -4?
-11415
In base 2, what is 110000100010 + -101?
110000011101
In base 10, what is 163 - -4?
167
In base 10, what is 9 + 1309?
1318
In base 14, what is 3 + -4?
-1
In base 12, what is -5b0 + 6?
-5a6
In base 9, what is 44384 + 5?
44400
In base 10, what is 3 - 6527?
-6524
In base 5, what is 13 + -4022?
-4004
In base 7, what is -4 + 20561?
20554
In base 14, what is -c5d + -2?
-c61
In base 4, what is 3 + 13233?
13302
In base 2, what is 11010 + 100011100?
100110110
In base 15, what is -1 - -68?
67
In base 11, what is 41a4 + 0?
41a4
In base 10, what is -5 - -2596?
2591
In base 5, what is 10 + -142?
-132
In base 2, what is -101 + -11101?
-100010
In base 15, what is -6 + 72e?
728
In base 7, what is -6 + 2106?
2100
In base 4, what is -12131 + 3?
-12122
In base 10, what is -2 - 947?
-949
In base 7, what is 444 + 3?
450
In base 8, what is -256 + 3?
-253
In base 4, what is -11 + 22300?
22223
In base 5, what is -1232 + 1?
-1231
In base 8, what is 32261 + 2?
32263
In base 7, what is 0 + -31?
-31
In base 3, what is -1121222 + 12?
-1121210
In base 5, what is 3402 - -1?
3403
In base 16, what is -74 + -1e?
-92
In base 7, what is -5 - 316?
-324
In base 5, what is 13 - 12423?
-12410
In base 16, what is -2a - 13e?
-168
In base 8, what is 5 + -27?
-22
In base 16, what is -2 - 55?
-57
In base 12, what is 2 - 74?
-72
In base 6, what is 35224 - -4?
35232
In base 10, what is -2 + -921?
-923
In base 2, what is 10010100 + -11100?
1111000
In base 3, what is 110112 + -210?
102202
In base 7, what is -143 + -10?
-153
In base 15, what is 2 + -4b?
-49
In base 10, what is -3 + 472?
469
In base 10, what is 491 + 28?
519
In base 3, what is 20 - -201?
221
In base 6, what is -24 + 15?
-5
In base 10, what is 946 + -1?
945
In base 4, what is -11 + 11023?
11012
In base 6, what is 2 - 4?
-2
In base 9, what is 6 - -63?
70
In base 14, what is 6 - -2243?
2249
In base 10, what is -41 + 74?
33
In base 13, what is -19a + 3?
-197
In base 4, what is -10 + -3202?
-3212
In base 12, what is -21 - b?
-30
In base 9, what is -5 + 337?
332
In base 2, what is 110100010001110 + -100?
110100010001010
In base 14, what is 201 - 0?
201
In base 6, what is 143 + 22?
205
In base 6, what is 1022 + -3?
1015
In base 6, what is -2 + -124?
-130
In base 16, what is -13 + 3?
-10
In base 8, what is 15 - 114?
-77
In base 8, what is -22 - -144?
122
In base 3, what is -10 + -1001112?
-1001122
In base 4, what is 2 + 301010?
301012
In base 3, what is -100020 - 0?
-100020
In base 10, what is 2 + -266?
-264
In base 16, what is -22f + -1?
-230
In base 11, what is -32 - -14?
-19
In base 13, what is 3 + 16?
19
In base 12, what is -1350 + -5?
-1355
In base 9, what is -1364 - 2?
-1366
In base 8, what is -3 - 4506?
-4511
In base 9, what is -6 + 174?
167
In base 5, what is 411 - -41?
1002
In base 7, what is -21346 + 0?
-21346
In base 15, what is 13 + 0?
13
In base 5, what is 12 - -14?
31
In base 5, what is -3 + -134?
-142
In base 9, what is -1 + -205?
-206
In base 10, what is -208 - -11?
-197
In base 15, what is 2dd + -2?
2db
In base 6, what is -2151 + -41?
-2232
In base 15, what is 70 - 4?
6b
In base 4, what is -12 + -102?
-120
In base 13, what is 5 + 62?
67
In base 16, what is -5 - 9?
-e
In base 11, what is a - -6?
15
In base 11, what is -26 + 23?
-3
In base 7, what is -3300 + 0?
-3300
In base 10, what is 1 + -31?
-30
In base 6, what is 14 - 11103?
-11045
In base 8, what is -157 + 30?
-127
In base 2, what is 11 - -11100111?
11101010
In base 14, what is bc - -18?
d6
In base 10, what is 307 - 0?
307
In base 13, what is -3b - 1?
-3c
In base 9, what is -33300 - 5?
-33305
In base 6, what is 210 + 204?
414
In base 10, what is 1014 + 1?
1015
In base 3, what is 10001 - -12?
10020
In base 14, what is -3 + 54?
51
In base 2, what is -1111001000 - 1?
-1111001001
In base 4, what is -31 + 120?
23
In base 4, what is 1 - -1231?
1232
In base 14, what is 4 - -a?
10
In base 15, what is -2 + -1a7?
-1a9
In base 4, what is -213 - 0?
-213
In base 14, what is 1a - 44?
-28
In base 4, what is -31 + 2021?
1330
In base 4, what is -3 + -21?
-30
In base 11, what is -2 - 30?
-32
In base 12, what is 685 - -6?
68b
In base 3, what is 101001 - 1?
101000
In base 3, what is 221 + -100?
121
In base 14, what is -531 - 5?
-536
In base 15, what is b - -8?
14
In base 4, what is 123201 - -10?
123211
In base 16, what is -1a - -1c?
2
In base 9, what is -1203 + 2?
-1201
In base 13, what is 0 - -7a?
7a
In base 12, what is -852 + -1?
-853
In base 8, what is -1 + 42?
41
In base 5, what is 204 - -10?
214
In base 16, what is -42 - -3?
-3f
In base 8, what is -4017 - 0?
-4017
In base 14, what is -d + -14?
-23
In base 5, what is 0 - -112001?
112001
In base 4, what is -3 + -202220?
-202223
In base 6, what is 2 - -1435?
1441
In base 7, what is -5 - 11206?
-11214
In base 3, what is 11211 - 12?
11122
In base 9, what is 10 + -2627?
-2617
In base 12, what is 3b46 - -5?
3b4b
In base 6, what is -2 + -351?
-353
In base 7, what is 3 - -121?
124
In base 9, what is 8 - -383?
402
In base 12, what is -1 + 202?
201
In base 13, what is -3b - 0?
-3b
In base 14, what is -36 + -4?
-3a
In base 2, what is 11111111000 - 0?
11111111000
In base 10, what is -23 - 12?
-35
In base 12, what is -a268 + 0?
-a268
In base 2, what is -101111110100 + -100?
-101111111000
In base 7, what is -5 - 10550?
-10555
In base 2, what is 101001 - 1111100?
-1010011
In base 15, what is -23 - -b?
-17
In base 3, what is -11201 - 10?
-11211
In base 7, what is 4413 - -3?
4416
In base 13, what is -1 + 5a?
59
In base 15, what is -1 - 1968?
-1969
In base 10, what is 247 - -5?
252
In base 13, what is a + -27?
-1a
In base 10, what is 4 + 143?
147
In base 12, what is 21 - a?
13
In base 13, what is 15 - -2?
17
In base 6, what is 451 - 2?
445
In base 7, what is -3332 - 3?
-3335
In base 13, what is -9 + a8?
9c
In base 14, what is -29 - 3?
-2c
In base 10, what is 0 + 2830?
2830
In base 2, what is 101 - -1011000?
1011101
In base 4, what is 13 - 12?
1
In base 5, what is 10 - -213?
223
In base 10, what is 20 - -6?
26
In base 4, what is -101 - -10313?
10212
In base 13, what is 5 + 3?
8
In base 13, what is -1451 - -1?
-1450
In base 6, what is 5231 - 3?
5224
In base 4, what is 0 + -301?
-301
In base 11, what is 2411 - 3?
2409
In base 2, what is 0 + 11110?
11110
In base 6, what is 112442 + -5?
112433
In base 13, what is -10 + -18?
-28
In base 16, what is 174 + -1?
173
In base 15, what is -68 - 32?
-9a
In base 6, what is -23 + -25?
-52
In base 14, what is -4 + -205?
-209
In base 16, what is -3c - 3?
-3f
In base 9, what is 5 - -44?
50
In base 12, what is 4 + -2543?
-253b
In base 16, what is 74 - -3?
77
In base 6, what is -14